
What is the remainder when 180513 is divided by 692?
593
Calculate the remainder when 521046 is divided by 5789.
36
Calculate the remainder when 12366557 is divided by 8.
5
Calculate the remainder when 417013 is divided by 13450.
63
What is the remainder when 10029374 is divided by 125?
124
Calculate the remainder when 407691 is divided by 203804.
83
What is the remainder when 33600 is divided by 3984?
1728
Calculate the remainder when 7156423 is divided by 5842.
5815
Calculate the remainder when 778294 is divided by 1317.
1264
Calculate the remainder when 2458 is divided by 487.
23
Calculate the remainder when 17772697 is divided by 132.
85
Calculate the remainder when 4673395 is divided by 934675.
20
Calculate the remainder when 8600992 is divided by 8600972.
20
What is the remainder when 413547 is divided by 5906?
127
What is the remainder when 98426 is divided by 12069?
1874
Calculate the remainder when 18623 is divided by 18361.
262
What is the remainder when 52543 is divided by 10?
3
Calculate the remainder when 13690511 is divided by 5.
1
Calculate the remainder when 3517 is divided by 2669.
848
What is the remainder when 12267474 is divided by 5256?
5226
What is the remainder when 177793465 is divided by 1245?
1240
Calculate the remainder when 4046323 is divided by 337186.
91
Calculate the remainder when 124975 is divided by 124962.
13
Calculate the remainder when 1335468 is divided by 83.
81
What is the remainder when 4721473 is divided by 2093?
1758
Calculate the remainder when 181369 is divided by 11090.
3929
Calculate the remainder when 480488 is divided by 1377.
1292
What is the remainder when 195752 is divided by 25?
2
What is the remainder when 21358 is divided by 4177?
473
Calculate the remainder when 1280424 is divided by 141.
3
What is the remainder when 50467254 is divided by 23?
10
What is the remainder when 136733 is divided by 7525?
1283
Calculate the remainder when 18233268 is divided by 192.
180
What is the remainder when 65896 is divided by 537?
382
Calculate the remainder when 268322 is divided by 4707.
23
Calculate the remainder when 246813 is divided by 41130.
33
What is the remainder when 8538523 is divided by 868?
7
Calculate the remainder when 353035 is divided by 3565.
100
What is the remainder when 420007 is divided by 2800?
7
Calculate the remainder when 1658545 is divided by 2920.
2905
Calculate the remainder when 1640938 is divided by 1640926.
12
What is the remainder when 1048804 is divided by 268?
120
What is the remainder when 41568 is divided by 126?
114
What is the remainder when 9201857 is divided by 146061?
14
What is the remainder when 95380 is divided by 702?
610
Calculate the remainder when 2033754 is divided by 169434.
546
Calculate the remainder when 49281794 is divided by 38.
12
Calculate the remainder when 10105 is divided by 1509.
1051
Calculate the remainder when 27068458 is divided by 1780.
1778
Calculate the remainder when 2917146 is divided by 97.
65
Calculate the remainder when 819428 is divided by 26430.
98
What is the remainder when 398502 is divided by 1379?
1350
Calculate the remainder when 406391 is divided by 2882.
29
What is the remainder when 21905 is divided by 18681?
3224
Calculate the remainder when 31245 is divided by 786.
591
What is the remainder when 1551437 is divided by 430?
427
What is the remainder when 3714812 is divided by 928660?
172
What is the remainder when 16292 is divided by 100?
92
What is the remainder when 12345139 is divided by 6746?
6705
Calculate the remainder when 17918405 is divided by 198.
197
Calculate the remainder when 22179605 is divided by 22795.
70
Calculate the remainder when 853085128 is divided by 1770.
1768
What is the remainder when 128960 is divided by 42886?
302
What is the remainder when 448240 is divided by 706?
636
Calculate the remainder when 2980372 is divided by 993445.
37
Calculate the remainder when 1978571 is divided by 1151.
2
What is the remainder when 984283 is divided by 39371?
8
What is the remainder when 223409 is divided by 1646?
1199
What is the remainder when 446772 is divided by 14403?
279
Calculate the remainder when 1647317 is divided by 1440.
1397
Calculate the remainder when 107070 is divided by 2683.
2433
What is the remainder when 36209719 is divided by 226?
225
What is the remainder when 107374235 is divided by 26843553?
23
What is the remainder when 561872 is divided by 149?
142
What is the remainder when 497499 is divided by 338?
301
Calculate the remainder when 7533599 is divided by 443152.
15
What is the remainder when 712206 is divided by 26376?
54
Calculate the remainder when 51703646 is divided by 675.
671
Calculate the remainder when 15923 is divided by 12661.
3262
What is the remainder when 71515 is divided by 2560?
2395
What is the remainder when 4896359 is divided by 96007?
2
What is the remainder when 463535 is divided by 290?
115
Calculate the remainder when 51282 is divided by 779.
647
Calculate the remainder when 536529 is divided by 23312.
353
What is the remainder when 279999 is divided by 6?
3
What is the remainder when 440167 is divided by 9169?
55
Calculate the remainder when 3747325 is divided by 10155.
130
Calculate the remainder when 324950221 is divided by 16.
13
Calculate the remainder when 648457 is divided by 223.
196
Calculate the remainder when 152031505 is divided by 10.
5
Calculate the remainder when 234947 is divided by 1537.
1323
What is the remainder when 1006105 is divided by 2361?
319
Calculate the remainder when 406761 is divided by 387.
24
What is the remainder when 740201 is divided by 92525?
1
Calculate the remainder when 6097950 is divided by 2032639.
33
What is the remainder when 97957238 is divided by 12?
2
Calculate the remainder when 371208 is divided by 4868.
1240
What is the remainder when 18975425 is divided by 631?
624
What is the remainder when 6477 is divided by 378?
51
What is the remainder when 339580 is divided by 46?
8
Calculate the remainder when 38455 is divided by 12660.
475
Calculate the remainder when 31610156 is divided by 509839.
138
What is the remainder when 479222 is divided by 7731?
7631
Calculate the remainder when 2297259 is divided by 13922.
129
What is the remainder when 2592649 is divided by 2592630?
19
What is the remainder when 210912 is divided by 105439?
34
What is the remainder when 90822893 is divided by 21522?
53
Calculate the remainder when 2253631 is divided by 1531.
1530
What is the remainder when 87415 is divided by 3103?
531
Calculate the remainder when 1968586 is divided by 298.
296
What is the remainder when 4621458 is divided by 15?
3
What is the remainder when 103470 is divided by 2955?
45
Calculate the remainder when 221847 is divided by 8869.
122
What is the remainder when 14805838 is divided by 135?
118
What is the remainder when 1726698 is divided by 2453?
2239
Calculate the remainder when 8187556 is divided by 31.
22
What is the remainder when 89607013 is divided by 1726?
1723
Calculate the remainder when 5509869 is divided by 223.
208
What is the remainder when 3039625 is divided by 8062?
251
What is the remainder when 1242298 is divided by 195?
148
What is the remainder when 1059551 is divided by 238?
213
What is the remainder when 642888 is divided by 220?
48
Calculate the remainder when 81383226 is divided by 9.
6
Calculate the remainder when 29238 is divided by 14508.
222
Calculate the remainder when 1764651 is divided by 68.
51
Calculate the remainder when 86040 is divided by 2089.
391
Calculate the remainder when 9251 is divided by 4253.
745
Calculate the remainder when 235660 is divided by 235595.
65
What is the remainder when 47164 is divided by 79?
1
Calculate the remainder when 1712408 is divided by 52.
48
Calculate the remainder when 1078420 is divided by 1078409.
11
What is the remainder when 335297428 is divided by 2685?
2683
What is the remainder when 3322009 is divided by 69?
4
Calculate the remainder when 214808 is divided by 300.
8
What is the remainder when 963954 is divided by 17849?
108
Calculate the remainder when 181262 is divided by 7484.
1646
What is the remainder when 298453 is divided by 42271?
2556
What is the remainder when 402646 is divided by 1657?
1652
Calculate the remainder when 130479